607 composite?
True
Is 10895161681 a composite number?
True
Is 4990327427 a composite number?
True
Is 1136369989 a composite number?
False
Is 35336534327 prime?
True
Is 3684901222 a composite number?
True
Is 213378947 a composite number?
False
Is 380258777 composite?
False
Is 174689551 prime?
False
Is 695688863 a composite number?
True
Is 1549731041 a prime number?
True
Is 13758862343 a composite number?
True
Is 18830634313 a composite number?
True
Is 37988567 a prime number?
True
Is 105927172177 composite?
False
Is 1520256631 a prime number?
True
Is 21304917133 composite?
False
Is 3186590761 prime?
True
Is 1586492563 composite?
False
Is 29242220243 composite?
False
Is 2083766353 a composite number?
False
Is 2929777847 prime?
True
Is 58650260453 a prime number?
True
Is 1156702153 composite?
False
Is 42733248257 a composite number?
True
Is 58206761597 a prime number?
False
Is 1332788999 a prime number?
False
Is 28296027959 prime?
True
Is 315707713 prime?
False
Is 7685266123 composite?
True
Is 16676850083 a composite number?
False
Is 227986029959 a prime number?
True
Is 109947245131 composite?
True
Is 9896979593 a prime number?
True
Is 2275391611 a composite number?
False
Is 9911916439 a prime number?
True
Is 3617004386 composite?
True
Is 745398191 a composite number?
True
Is 5039549395 a prime number?
False
Is 27514760213 a prime number?
False
Is 21182655695 a composite number?
True
Is 5876896567 composite?
False
Is 9393064883 a composite number?
True
Is 11628945827 a composite number?
False
Is 120684721 a prime number?
False
Is 3657061417 a prime number?
False
Is 1567095923 a prime number?
True
Is 5074302041 prime?
False
Is 668284073 prime?
True
Is 11755315309 a prime number?
True
Is 241808439029 a composite number?
True
Is 240301799 a prime number?
True
Is 2290418341 prime?
True
Is 3339324001 a prime number?
False
Is 20830284851 a composite number?
True
Is 33856985719 a composite number?
False
Is 2171517269 prime?
True
Is 15471727 a prime number?
True
Is 3236425187 composite?
True
Is 5235031333 composite?
True
Is 29974972133 composite?
True
Is 269699031717 composite?
True
Is 1744105373 composite?
False
Is 1280073859 a prime number?
True
Is 22394460757 a composite number?
True
Is 2049882635 prime?
False
Is 1532961883 a composite number?
False
Is 37503986939 composite?
True
Is 1390851109 prime?
True
Is 119475787 a composite number?
False
Is 312083063 a prime number?
True
Is 3617327339 a composite number?
False
Is 20854257887 composite?
True
Is 3892088021 composite?
False
Is 17923380161 composite?
True
Is 5075549177 a composite number?
True
Is 73295095 prime?
False
Is 898714697 a prime number?
True
Is 3137649041 a prime number?
True
Is 60292084681 prime?
True
Is 9125447329 a prime number?
True
Is 27667405069 composite?
True
Is 352569703 composite?
False
Is 177813107429 composite?
True
Is 751192647 prime?
False
Is 3985403651 composite?
False
Is 20627726657 composite?
False
Is 113199147233 a composite number?
False
Is 19948261 prime?
True
Is 349682797 a composite number?
True
Is 1305615947 a prime number?
False
Is 7712557189 composite?
False
Is 1637129939 prime?
False
Is 921550313 prime?
False
Is 28733898907 composite?
True
Is 1047332083 prime?
False
Is 4707668651 a prime number?
False
Is 1060669573 a prime number?
False
Is 114374719 a composite number?
True
Is 133602487 composite?
False
Is 2510097169 prime?
True
Is 451479680857 composite?
True
Is 8348582399 composite?
False
Is 72171062 composite?
True
Is 12373076299 composite?
True
Is 3083313279 a prime number?
False
Is 52155761 a prime number?
False
Is 675385679 prime?
False
Is 152599714589 composite?
True
Is 6407417789 composite?
True
Is 46058131 prime?
False
Is 16859491177 prime?
True
Is 23476729141 composite?
True
Is 30978810073 prime?
False
Is 111001094597 composite?
False
Is 4336961711 a composite number?
False
Is 1292815301 a composite number?
False
Is 786891533 composite?
True
Is 21866284441 composite?
True
Is 8011741399 composite?
True
Is 2199658789 a composite number?
False
Is 683942383 composite?
False
Is 17439802901 prime?
True
Is 11112644849 prime?
False
Is 837393563 a prime number?
False
Is 597904771 a prime number?
True
Is 183119227 composite?
False
Is 2731256677 prime?
False
Is 9013523081 a prime number?
False
Is 226986390041 composite?
False
Is 36199906843 composite?
True
Is 6597432737 composite?
True
Is 2141414239 a composite number?
False
Is 384577433 composite?
False
Is 17583007089 composite?
True
Is 8141643691 prime?
True
Is 34458629 a composite number?
True
Is 71310697922 composite?
True
Is 341522177 a composite number?
True
Is 616144279 a prime number?
False
Is 55220683937 a composite number?
False
Is 166542347 prime?
True
Is 11412443479 prime?
True
Is 7213270139 a prime number?
False
Is 143997131197 composite?
False
Is 226394599 composite?
False
Is 2704881041 prime?
False
Is 19652515427 prime?
True
Is 12699521479 a composite number?
True
Is 1424512043 prime?
True
Is 646142347 composite?
True
Is 45870535987 a prime number?
False
Is 33944863 composite?
False
Is 62999219167 composite?
True
Is 25009798937 a composite number?
True
Is 115265065 composite?
True
Is 24420466427 a composite number?
True
Is 9804233521 a composite number?
True
Is 408149717 a prime number?
True
Is 1708962509 prime?
False
Is 2874355859 a composite number?
False
Is 9362338259 a composite number?
False
Is 2969958997 prime?
True
Is 549508727 a composite number?
False
Is 1181362411 a prime number?
False
Is 12377444659 a composite number?
True
Is 379916687 a prime number?
False
Is 3335703319 composite?
True
Is 96880627927 composite?
False
Is 16623446669 composite?
True
Is 4218660091 composite?
True
Is 97692977 prime?
True
Is 3110228083 prime?
True
Is 1067915161 a prime number?
True
Is 443084329 a prime number?
True
Is 624051677 composite?
False
Is 221712782689 prime?
True
Is 2977255 a composite number?
True
Is 1043488811 a composite number?
False
Is 525956807 a composite number?
True
Is 7207244137 a prime number?
True
Is 382852110037 a composite number?
True
Is 1519219147 a composite number?
False
Is 7361089129 a composite number?
False
Is 2973748003 a composite number?
False
Is 50637731 prime?
False
Is 3985577443 prime?
True
Is 33195867481 prime?
False
Is 14520169231 composite?
False
Is 2918088127 composite?
True
Is 69030342631 prime?
True
Is 40512707 prime?
False
Is 875338817 composite?
True
Is 229497221 prime?
True
Is 10236741841 a prime number?
False
Is 1975041539 prime?
False
Is 3205957171 composite?
False
Is 8359363253 a composite number?
True
Is 3928294663 a composite number?
True
Is 6242877607 prime?
True
Is 257987540299 a prime number?
False
Is 611295079 a composite number?
True
Is 101652257 a prime number?
False
Is 6189502711 prime?
False
Is 13872435139 composite?
True
Is 9734965147 prime?
False
Is 3570006773 a composite number?
True
Is 1822692929 a prime number?
True
Is 194887169 prime?
True
Is 37373659369 a composite number?
False
Is 158406490001 a composite number?
False
Is 37165603 a composite number?
True
Is 6416161061 composite?
True
Is 3148774171 prime?
False
Is 561834443 composite?
True
Is 745165061 prime?
True
Is 3137512474 a prime number?
False
Is 901476503 a composite number?
False
Is 1009353479 a prime number?
False
Is 20971507 a composite number?
False
Is 72269383 a prime number?
True
Is 336679333 a composite number?
False
Is 106001106821 prime?
False
Is 2998929061 a prime number?
True
Is 1325442403 a composite number?
False
Is 39772970267 composite?
False
Is 1509912583 composite?
False
Is 2637603469 prime?
False
Is 19634027051 composite?
True
Is 712268563 a composite number?
True
Is 5319259705 composite?
True
Is 198106033639 a prime number?
False
Is 139803067 a composite number?
True
Is 34109882907 composite?
True
Is 891939143 prime?
True
Is 172614899 prime?
True
Is 1400678563 a composite number?
True
Is 7516893409 prime?
False
Is 4754692009 prime?
True
Is 9978039527 a composite number?
True
Is 5775622009 a prime number?
False
Is 23324471 a prime number?
True
Is 8661189709 prime?
False
Is 3329344453 a prime number?
False
Is 2603379109 a composite number?
False
Is 42854765179 a composite number?
False
Is 8075687 a prime number?
True
Is 2999229631 composite?
False
Is 160234772899 a